-314ab8 - 5?
-314ac0
In base 12, what is 3 + 12700?
12703
In base 8, what is -334 - -205?
-127
In base 14, what is 9d6 + -264?
772
In base 11, what is -32990 + 40?
-32950
In base 2, what is -100010100 - -10001011?
-10001001
In base 14, what is 4 + -1c2b0?
-1c2aa
In base 15, what is -18324 - 0?
-18324
In base 2, what is 111000 + -1001101101001?
-1001100110001
In base 10, what is 0 - 6839?
-6839
In base 12, what is -455 + -22?
-477
In base 7, what is -12134 + 200?
-11634
In base 11, what is -1343312 + -5?
-1343317
In base 8, what is -402711 - -12?
-402677
In base 5, what is -110 - 21010?
-21120
In base 2, what is -1011 + 10100101001?
10100011110
In base 12, what is 13 - 33?
-20
In base 11, what is -24 + -632?
-656
In base 15, what is b0bcc + 3?
b0bd0
In base 3, what is 2002100001 + -20?
2002022211
In base 16, what is -24 + dd3?
daf
In base 13, what is 11819 - -5?
11821
In base 15, what is -20524 + -3?
-20527
In base 15, what is 70 - 101?
-81
In base 15, what is 3 + -78bc9?
-78bc6
In base 15, what is -9 - 17d?
-187
In base 4, what is -11310312 + -10?
-11310322
In base 13, what is 982b - 4?
9827
In base 10, what is -362 - 792?
-1154
In base 11, what is 3 + -34795?
-34792
In base 13, what is 5 + -6573?
-656b
In base 2, what is -10111010011 + 101110?
-10110100101
In base 4, what is -3002331 + -2?
-3002333
In base 13, what is 4 - -118a48?
118a4c
In base 16, what is -d + -86e5?
-86f2
In base 11, what is -5 + -6694?
-6699
In base 10, what is -16 + 17102?
17086
In base 14, what is -50577 + -4?
-5057b
In base 5, what is -440 - 13133?
-14123
In base 9, what is 645 - 5331?
-4575
In base 6, what is -304032 + 3?
-304025
In base 2, what is 10001 + 1011001100101100?
1011001100111101
In base 8, what is 2562013 + -2?
2562011
In base 14, what is 4c180 + 3?
4c183
In base 5, what is 12301 - -41413?
104214
In base 6, what is 15 + -201405?
-201350
In base 6, what is 113125 - -11?
113140
In base 14, what is b06 - 15?
ad1
In base 3, what is -100 - 1222220121?
-1222220221
In base 10, what is -5 + 11656?
11651
In base 4, what is -2 - 332311221?
-332311223
In base 8, what is -2 - -4415227?
4415225
In base 8, what is 5 + 124522?
124527
In base 12, what is -797b + 23?
-7958
In base 13, what is -b77 + 10?
-b67
In base 5, what is -3213 - -131212?
122444
In base 11, what is -447 + -1246?
-1692
In base 11, what is -a989 - -13?
-a976
In base 4, what is -131311 + -102?
-132013
In base 15, what is 15e2 - b?
15d6
In base 9, what is 224 - -60?
284
In base 7, what is -6425 + -216?
-6644
In base 2, what is -110011101 + -1010101?
-111110010
In base 15, what is -9d5 - 15?
-9ea
In base 6, what is 5 - -223010?
223015
In base 10, what is -36966 + 47?
-36919
In base 2, what is -10 - -10001101101001010101?
10001101101001010011
In base 3, what is 10201102220 + -1000?
10201101220
In base 15, what is -9be + 2b4?
-70a
In base 16, what is -1 + -384?
-385
In base 6, what is -1 + 242315?
242314
In base 10, what is -3 + 85891?
85888
In base 9, what is -2414 - -14?
-2400
In base 13, what is 3c7 - -1b?
415
In base 13, what is -74720 - -2?
-7471b
In base 13, what is -30 + 2b96?
2b66
In base 14, what is 1 + -1cd1b?
-1cd1a
In base 5, what is -22 + -33130?
-33202
In base 9, what is -6 + -4034?
-4041
In base 10, what is -85 - 85?
-170
In base 3, what is -1202010 - -12011?
-1112222
In base 14, what is 925 + -5?
920
In base 3, what is -2 + -1211200?
-1211202
In base 16, what is 4cf + -8b?
444
In base 15, what is -cc + d1?
4
In base 12, what is aa88 + -5?
aa83
In base 11, what is 13 - -2729a3?
272a06
In base 6, what is 100050 + -13?
100033
In base 5, what is -1 + 44141433?
44141432
In base 6, what is -4543255 - 10?
-4543305
In base 14, what is -99 + -2b6?
-371
In base 10, what is -1 + 298150?
298149
In base 2, what is 101001 - -101001101010010?
101001101111011
In base 8, what is -4 - -1670?
1664
In base 9, what is 1 - 2173?
-2172
In base 15, what is -264d + 10?
-263d
In base 3, what is 200222112022000 - 12?
200222112021211
In base 6, what is 144222 + -51?
144131
In base 3, what is 0 + 222202102000?
222202102000
In base 3, what is 12 - 110002?
-102220
In base 6, what is 113 + -113?
0
In base 5, what is -1340 - -1131443?
1130103
In base 16, what is 17 - 1fa?
-1e3
In base 12, what is 2 + 2b7927?
2b7929
In base 14, what is 34351 + -4?
3434b
In base 8, what is -11 - -3704?
3673
In base 2, what is -101110111110 + 111110110?
-100111001000
In base 2, what is -100010010 + 11001101000?
10101010110
In base 7, what is 543 + -241?
302
In base 7, what is 5 - -521260?
521265
In base 4, what is -130 + -111222?
-112012
In base 5, what is 0 - 2424134?
-2424134
In base 2, what is 101010101010 + -100?
101010100110
In base 13, what is 18b429 + -3?
18b426
In base 16, what is 8aa78 - -4?
8aa7c
In base 15, what is -30cd + -24?
-3102
In base 6, what is -30 + -1140033?
-1140103
In base 4, what is -120 + 323121?
323001
In base 13, what is -3 + 18904?
18901
In base 14, what is -8dc25 - -7?
-8dc1c
In base 15, what is -5 - -803a?
8035
In base 15, what is 3c75 - -55?
3cca
In base 16, what is 0 - -469d?
469d
In base 5, what is 4141104 - -4?
4141113
In base 3, what is -11022201211 + 0?
-11022201211
In base 16, what is 4 + -2ad95?
-2ad91
In base 8, what is 11 - -1704?
1715
In base 13, what is -b83a - 6c?
-b8a9
In base 7, what is 12226 + -3?
12223
In base 15, what is -3790c + -4?
-37911
In base 10, what is -1063 + -1251?
-2314
In base 16, what is -15 - -f20d?
f1f8
In base 5, what is 1033 - -131011?
132044
In base 5, what is 1044311102 - 3?
1044311044
In base 9, what is -432 + 153?
-268
In base 10, what is 108 - 447?
-339
In base 16, what is -4 - e2e99?
-e2e9d
In base 8, what is -21 - 33611?
-33632
In base 7, what is -4 + 24052?
24045
In base 7, what is 4 - -133224?
133231
In base 12, what is 3 - -376792?
376795
In base 12, what is 70 - -242?
2b2
In base 10, what is 56 + -246?
-190
In base 6, what is 2325350 + -4?
2325342
In base 4, what is -1 + -110222231?
-110222232
In base 15, what is -48 - 20?
-68
In base 12, what is 3 + -285?
-282
In base 8, what is 7 + -460410?
-460401
In base 9, what is -8 + -27386?
-27405
In base 10, what is -604 + -26?
-630
In base 13, what is 120 - -3a0a?
3b2a
In base 7, what is 50116535 + -1?
50116534
In base 13, what is 21944 + 3?
21947
In base 5, what is 210 - 233?
-23
In base 10, what is -93 - 327?
-420
In base 7, what is 0 - 12122151?
-12122151
In base 16, what is 3 - -37?
3a
In base 7, what is 1 + 512012?
512013
In base 10, what is 223829 + -3?
223826
In base 12, what is -1a02bb - 5?
-1a0304
In base 11, what is -55 - -2184a?
217a5
In base 8, what is 603 - 2112?
-1307
In base 6, what is 5 - -1235345?
1235354
In base 11, what is -28 + -84a?
-877
In base 12, what is 336 + 2615?
294b
In base 2, what is -101 + 1010011001000?
1010011000011
In base 6, what is -22 + -12233423?
-12233445
In base 15, what is 3ea8c - -4?
3ea91
In base 15, what is 43 + 2166?
21a9
In base 10, what is -102 + 3102?
3000
In base 13, what is 505b6 - -1?
505b7
In base 4, what is -30120 + 1112?
-23002
In base 13, what is 285c + -79?
27b3
In base 12, what is 34 - -4501?
4535
In base 3, what is -12 - 20001201?
-20001220
In base 4, what is -212100021 + 3?
-212100012
In base 7, what is 665436 + 1?
665440
In base 13, what is 4497 - 2?
4495
In base 4, what is 2311211 - -1?
2311212
In base 10, what is 1643 - 46?
1597
In base 5, what is -212334 - 2314?
-220203
In base 13, what is -1ac + 547?
368
In base 14, what is -51688 - -3?
-51685
In base 11, what is 432510 + -2?
432509
In base 10, what is -291 - -50?
-241
In base 13, what is 214 - 20?
1c4
In base 2, what is 1111000010011000 + -101?
1111000010010011
In base 3, what is -22010022 - -20?
-22010002
In base 12, what is 4b + -2431?
-23a2
In base 8, what is -3050441 - -1?
-3050440
In base 6, what is -3 + 35215135?
35215132
In base 13, what is -744 + b?
-736
In base 6, what is -221515144 - 4?
-221515152
In base 7, what is -4153 - -141?
-4012
In base 10, what is 8949 + 2?
8951
In base 12, what is -6064 - -4?
-6060
In base 16, what is -4f5 - -59?
-49c
In base 6, what is 14410 + 22?
14432
In base 5, what is -10 + -30330222?
-30330232
In base 4, what is -23113200 - 3?
-23113203
In base 13, what is -110964 + 4?
-110960
In base 10, what is -51 + -1685?
-1736
In base 13, what is -9a - -517?
44a
In base 13, what